
Let y = -1041 - -1034. Suppose -4*i + 379 = -117. Let q = i + y. What is the hundreds digit of q?
1
Let o be ((-24)/(-30))/(9/45). Suppose -5*i = 5*b - 1588 + 378, o*b + 5*i = 967. What is the tens digit of b?
4
Let u = 200 - 319. Let a = -105 - u. What is the tens digit of a?
1
Suppose t - c - 33459 = 0, -133822 = -4*t - 34*c + 36*c. What is the units digit of t?
2
Let k(m) = -2*m**3 - 180*m**2 + 103*m + 714. What is the thousands digit of k(-91)?
7
Let g(b) = -b**2 + 10*b - 9. Let j be g(10). Let o(d) = d + 15. Let c be o(j). Suppose c*u - 550 = u. What is the units digit of u?
0
Suppose -3*f + 47678 = 5*q, -3*f = 2*q + 4421 - 52114. What is the units digit of f?
1
Suppose -3*c + 39 = 3*w, -4*w = 3*c + 15 - 55. Suppose c*q + 1071 = 21*q. What is the hundreds digit of q?
1
Let f = 619 + -38. Suppose f = 58*y - 57*y. What is the hundreds digit of y?
5
What is the tens digit of (-1 + 411/6)/(5/50)?
7
Let o(q) = -733*q**2 - q - 2. Let v be o(-1). Let w = v + 1091. What is the hundreds digit of w?
3
Let r = 322 + 9217. What is the thousands digit of r?
9
Suppose 29*n = 25*n + 16. Suppose n*w - 2388 = -4*d, -5*d - 8*w = -9*w - 2973. What is the hundreds digit of d?
5
Let z be 33 - 39 - (1 + 0 + 1). Let k be (-1)/(2/z) + 0. Suppose k*y + v + 84 = 5*y, -v + 168 = 2*y. What is the units digit of y?
4
Let h be 27/3 + (-2)/2. Suppose -24 = -h*m + 20*m. What is the hundreds digit of (-77)/(-7)*(m + 13)?
1
Let l(r) be the first derivative of -60*r**2 - 29*r - 159. What is the hundreds digit of l(-8)?
9
Let b(o) = 4*o - 3. Let k be b(5). Suppose k*g - 3751 = 6*g. What is the hundreds digit of g?
3
Suppose 7 = 2*l - 59. Suppose -34*c + l*c = 0. Suppose 2*m + 3*j - 148 = c, -4*j + 81 = m + 2. What is the units digit of m?
1
Let h(u) = 3*u + 4*u**2 - u - 10 + 2*u. Suppose -3*r + 12 = 3*x, -5*x + 16 = 33*r - 29*r. What is the tens digit of h(r)?
7
Let f(n) = 3*n**3 + n**2 - 2*n - 3. Let y = -55 - -59. What is the hundreds digit of f(y)?
1
What is the hundreds digit of (1 - -4)*54/675 - 59513/(-5)?
9
Suppose 0*y + 3*y + 9 = 4*q, 13 = 4*q + y. Suppose -219 + 1174 = 2*z + b, q*z = -4*b + 1430. What is the units digit of z?
8
Let j(x) = 86*x**2 - 4*x - 9. Let h be j(-2). Let b = 397 - h. What is the units digit of b?
4
Suppose -5*v + 738 + 1872 = 0. Suppose t + v = 7*t. Suppose t + 119 = 2*r. What is the units digit of r?
3
Let m(p) = 46*p**2 - 11*p + 103. Let y be m(6). Suppose -2*k - 3*n + y = -1545, 0 = 3*k + 3*n - 4854. What is the units digit of k?
6
Let g(y) = -131*y**3 + 8*y**2 - 85*y - 910. What is the thousands digit of g(-9)?
6
Let i = -81 - -22. Suppose 0 = -5187*u + 5194*u + 749. Let y = i - u. What is the units digit of y?
8
Let b(l) = -18*l**2 + 3*l - 2. Let w be b(1). Let m = w - -14. What is the units digit of ((-6)/(-3))/((-2)/24*m)?
8
Suppose -4*p + 3*p - 1680 + 9824 = 0. What is the units digit of p?
4
Let o(v) = -1361*v - 313. What is the tens digit of o(-18)?
8
Let d(c) = c**2 - 13*c - 33. Let x be d(15). Let n be 3728/32 + (-1 - x/2). Suppose -2*k + 386 = 2*m, -k - 2*m + n = -76. What is the tens digit of k?
9
Let t(b) = -19*b**3 + 2*b**2 + 10*b - 11. Let l be t(3). Let c = 567 + l. What is the tens digit of c?
9
Let i be (0 + -8)*(0 - -2)/4. Let q be (-5760)/(-24) + i/1. Suppose -2*d = -0*d - q. What is the units digit of d?
8
Suppose -2*h = 12*w - 13*w + 3502, 0 = -h + 6. What is the units digit of w?
4
Let v(h) = h**3 + 8*h**2 + 3*h - 1. Let c be v(-7). Let x = c - -11. Let r = x - -48. What is the units digit of r?
6
Suppose 0 = -11*o + 8*o - 153. Let q = o - -78. What is the tens digit of q?
2
Suppose 132*a = 130*a - d + 43670, -7*d + 109184 = 5*a. What is the tens digit of a?
3
Let k = -43456 + 103008. What is the thousands digit of k?
9
Let f(p) = 22*p + 68. Let s(x) = 68*x + 204. Let i(v) = -10*f(v) + 3*s(v). What is the tens digit of i(-39)?
5
Let g(w) = 5*w**2 + 10*w + 2. Suppose -1 = -k - 5. Let c be g(k). Suppose -3*z = -0*z - c. What is the units digit of z?
4
What is the hundreds digit of 157445*17/(-85)*-2?
9
Suppose 0 = -28*y - 84744 + 145450 + 114686. What is the tens digit of y?
6
Let t be (-50 - -46)*6/4. What is the tens digit of 424 - ((-16)/t - (-52)/39)?
2
Let g(o) be the third derivative of -1/2*o**3 + 1/2*o**5 + 11*o**2 + 0*o - 1/6*o**4 + 0. What is the hundreds digit of g(-2)?
1
Suppose 3*i = -126 + 1002. Suppose -i = 3*w - 82. Let f = w + 160. What is the units digit of f?
0
Let k = 316 + -301. Let f(s) = s**3 - 10*s**2 - 34*s - 24. What is the units digit of f(k)?
1
Let i(w) be the first derivative of -571*w**2/2 + 144*w + 31. What is the thousands digit of i(-2)?
1
Let b be (-5)/3*(1 + -4)*-361. Let t = 2794 + b. What is the units digit of t?
9
Let f(g) be the third derivative of -g**5/30 - 35*g**4/12 + 7*g**3/2 + 11*g**2 - 6. What is the tens digit of f(-23)?
7
Let b(x) be the second derivative of -x**4/12 + x**3/2 + x**2 + 27*x. Let c be b(5). What is the units digit of 47*c/(-20) + 2/10?
9
Let w(n) be the first derivative of n**4/2 - n**3/3 + 17*n**2/2 - 9*n - 56. What is the units digit of w(5)?
1
Let n = -586 - -389. Let a = n + 401. What is the units digit of a?
4
Let y be (-3)/4 - ((-127)/4 + 3). Suppose 0 = j - 3*p - 11, -4*j + y = 3*p + p. Let h = 37 - j. What is the units digit of h?
9
Let r be 11/((-440)/4128) + 3/15. What is the hundreds digit of (46/(-5))/(r/8240)?
7
Suppose 88*i - 2295447 = 11*i. What is the hundreds digit of i?
8
What is the tens digit of (7336/2751)/(((-4)/(-9162))/1)?
0
Let z(k) = -6*k**3 + k**2 + k + 1. Let t be ((-18)/(-12)*4/6)/(-1). Let v be z(t). Suppose -d = 4*r - 84, -2*d + v*d + 86 = 3*r. What is the units digit of r?
2
Let t(z) = -43*z + 85*z + 35 + 87*z + 18. What is the units digit of t(9)?
4
Let t be ((-105)/14 - -8)*6. Suppose -w + 1083 = -5*u, 9*w = 4*w - t*u + 5331. What is the thousands digit of w?
1
Let z(w) = -5*w - 83. Let m be z(-17). Suppose 0*t - m*t = 5*s - 1362, -4*t = s - 276. What is the tens digit of s?
7
Suppose -16*u = -22*u - 408. Let w = u + 82. Suppose n - w = c - 78, -4*c - 2*n + 232 = 0. What is the tens digit of c?
6
Suppose 2*p = 10*s - 4389 - 151, 3*s = 2*p + 1369. What is the units digit of s?
3
Suppose -273*h = -32*h + 156414 - 1070286. Suppose m + 4*m + 60 = 0. What is the tens digit of m/21 - h/(-21)?
8
Suppose 6*a - 8 = -2*a. Let q be a*(6/(-15) + 4304/10). Suppose -5*o + q = -b, 5*o + 0*o = 2*b + 425. What is the tens digit of o?
8
Suppose -2221*t = -2224*t + 6, -2*v = -t - 34720. What is the tens digit of v?
6
Suppose 5*n = -5*x - 53 + 468, -5*x = -3*n - 423. What is the hundreds digit of (105/x + -1 + 0)*7204?
8
Suppose y - 7*r - 11 = -10*r, 0 = y - r - 7. Suppose 1327 = y*s - 4793. What is the tens digit of s?
6
Suppose 4*q - 3*y - 44333 = 0, -20*q + y + 155137 = -6*q. What is the ten thousands digit of q?
1
Let d(s) = 309*s**3 + 3*s**2 - 68*s + 251. What is the tens digit of d(4)?
0
Let k(p) = p**3 + 5*p**2 + 4*p - 4. Let l(x) = x**2 + x. Let o be (-32)/(-6) + 13/(-39). Let a(z) = o*l(z) + k(z). What is the units digit of a(-7)?
0
Let t(u) = 21*u - 353. Let h(i) = 9*i - 176. Let c(l) = 5*h(l) - 3*t(l). What is the hundreds digit of c(-24)?
6
Suppose -2*i + 3270 = -6942. Suppose 7*l = -16*l + i. What is the tens digit of l?
2
Suppose -96*r = 35*r - 792550. What is the units digit of r?
0
Suppose 0 = 24*z - 225*z + 1644873 - 39687. What is the units digit of z?
6
Let c be (-6156)/(-39) + (-37)/13 + 3. Suppose -156*q + c*q = 898. What is the tens digit of q?
4
What is the units digit of (-135988)/(-18)*(-18)/(-21)*(-105)/(-20)?
7
Let z = 763 + -2148. Let a = z - -2022. What is the hundreds digit of a?
6
Let c = 19591 - 9914. What is the units digit of c?
7
Suppose 3335 = 4*p - 689. What is the thousands digit of (-1)/(-1)*(6 + p + 0)?
1
Let v(j) = 4077*j**2 + 13*j + 12. Let d be v(-1). Suppose 672 = -4*w + d. What is the units digit of w?
1
Let z(v) = 51*v + 56. Let o = -55 - -59. Let q(f) = 51*f + 56. Let y(p) = o*q(p) - 5*z(p). What is the hundreds digit of y(-6)?
2
What is the units digit of (-18 - 5 - -18)*-8108?
0
Let y be (-1 + -2)/(3/46). Let z = 119 - y. What is the tens digit of (-1 + 5)*(z/6 - -2)?
1
Suppose 0 = 260*n - 257*n - 1653. Suppose 11*q = 5268 + n. What is the hundreds digit of q?
5
Suppose 0 = 4*m + 4*c + 24, 